What is the tens digit of 11304?
0
What is the thousands digit of 51741?
1
What is the tens digit of 247?
4
What is the units digit of 8101?
1
What is the tens digit of 6723?
2
What is the tens digit of 50499?
9
What is the units digit of 58912?
2
What is the units digit of 23595?
5
What is the thousands digit of 3593?
3
What is the ten thousands digit of 42493?
4
What is the units digit of 1229?
9
What is the tens digit of 15511?
1
What is the hundreds digit of 3500?
5
What is the thousands digit of 12527?
2
What is the ten thousands digit of 11771?
1
What is the units digit of 2109?
9
What is the thousands digit of 16830?
6
What is the hundreds digit of 4939?
9
What is the tens digit of 864?
6
What is the tens digit of 1886?
8
What is the hundreds digit of 7030?
0
What is the tens digit of 2373?
7
What is the thousands digit of 2045?
2
What is the tens digit of 207?
0
What is the units digit of 879?
9
What is the tens digit of 827?
2
What is the units digit of 2938?
8
What is the hundreds digit of 1873?
8
What is the hundreds digit of 16600?
6
What is the hundreds digit of 672?
6
What is the units digit of 122152?
2
What is the tens digit of 32164?
6
What is the hundred thousands digit of 176668?
1
What is the units digit of 1702?
2
What is the ten thousands digit of 73613?
7
What is the tens digit of 2916?
1
What is the ten thousands digit of 18500?
1
What is the units digit of 2146?
6
What is the hundreds digit of 7433?
4
What is the thousands digit of 6010?
6
What is the units digit of 4431?
1
What is the ten thousands digit of 149882?
4
What is the units digit of 387?
7
What is the hundreds digit of 3452?
4
What is the tens digit of 407?
0
What is the thousands digit of 7219?
7
What is the thousands digit of 43615?
3
What is the hundreds digit of 20140?
1
What is the thousands digit of 7310?
7
What is the ten thousands digit of 10661?
1
What is the hundreds digit of 358?
3
What is the units digit of 4947?
7
What is the tens digit of 468?
6
What is the hundreds digit of 199?
1
What is the tens digit of 47?
4
What is the tens digit of 16200?
0
What is the hundreds digit of 8140?
1
What is the hundreds digit of 16395?
3
What is the tens digit of 1732?
3
What is the hundreds digit of 119662?
6
What is the tens digit of 10028?
2
What is the units digit of 5830?
0
What is the thousands digit of 1039?
1
What is the tens digit of 15813?
1
What is the thousands digit of 1170?
1
What is the thousands digit of 46294?
6
What is the ten thousands digit of 12989?
1
What is the tens digit of 636?
3
What is the hundreds digit of 5712?
7
What is the tens digit of 144312?
1
What is the units digit of 15801?
1
What is the hundreds digit of 343?
3
What is the units digit of 1518?
8
What is the ten thousands digit of 29671?
2
What is the thousands digit of 41849?
1
What is the hundreds digit of 13194?
1
What is the thousands digit of 107622?
7
What is the ten thousands digit of 10736?
1
What is the thousands digit of 22495?
2
What is the tens digit of 84954?
5
What is the thousands digit of 1012?
1
What is the hundreds digit of 12989?
9
What is the tens digit of 1213?
1
What is the thousands digit of 4272?
4
What is the hundreds digit of 210?
2
What is the units digit of 706?
6
What is the tens digit of 771?
7
What is the thousands digit of 2444?
2
What is the units digit of 213?
3
What is the tens digit of 17461?
6
What is the hundreds digit of 24364?
3
What is the thousands digit of 1099?
1
What is the units digit of 3927?
7
What is the thousands digit of 12785?
2
What is the units digit of 6525?
5
What is the units digit of 16317?
7
What is the thousands digit of 13092?
3
What is the tens digit of 36410?
1
What is the units digit of 16934?
4
What is the tens digit of 1875?
7
What is the hundreds digit of 721?
7
What is the tens digit of 4035?
3
What is the units digit of 4791?
1
What is the hundreds digit of 104?
1
What is the hundreds digit of 4989?
9
What is the units digit of 836?
6
What is the hundreds digit of 297?
2
What is the tens digit of 488?
8
What is the hundreds digit of 1644?
6
What is the units digit of 7?
7
What is the thousands digit of 51586?
1
What is the hundreds digit of 15234?
2
What is the hundreds digit of 224?
2
What is the hundreds digit of 14501?
5
What is the units digit of 1769?
9
What is the hundreds digit of 7673?
6
What is the thousands digit of 13691?
3
What is the hundreds digit of 8552?
5
What is the hundreds digit of 8064?
0
What is the units digit of 817?
7
What is the units digit of 7430?
0
What is the units digit of 20433?
3
What is the hundreds digit of 2727?
7
What is the tens digit of 5212?
1
What is the hundreds digit of 25612?
6
What is the units digit of 3701?
1
What is the tens digit of 6623?
2
What is the hundreds digit of 402?
4
What is the thousands digit of 22492?
2
What is the tens digit of 10052?
5
What is the thousands digit of 2364?
2
What is the units digit of 87942?
2
What is the tens digit of 553?
5
What is the tens digit of 1174?
7
What is the thousands digit of 141706?
1
What is the units digit of 567?
7
What is the hundreds digit of 2683?
6
What is the thousands digit of 4898?
4
What is the units digit of 3630?
0
What is the hundreds digit of 2846?
8
What is the thousands digit of 1258?
1
What is the units digit of 9709?
9
What is the hundreds digit of 1164?
1
What is the ten thousands digit of 31256?
3
What is the hundreds digit of 3239?
2
What is the units digit of 343?
3
What is the hundreds digit of 39633?
6
What is the thousands digit of 1065?
1
What is the tens digit of 897?
9
What is the units digit of 891?
1
What is the thousands digit of 1013?
1
What is the tens digit of 38015?
1
What is the units digit of 1205?
5
What is the tens digit of 1746?
4
What is the tens digit of 42416?
1
What is the hundreds digit of 22787?
7
What is the ten thousands digit of 15071?
1
What is the tens digit of 1340?
4
What is the units digit of 410?
0
What is the tens digit of 7189?
8
What is the thousands digit of 3408?
3
What is the ten thousands digit of 62149?
6
What is the tens digit of 9388?
8
What is the ten thousands digit of 26544?
2
What is the tens digit of 9004?
0
What is the thousands digit of 36013?
6
What is the hundreds digit of 58839?
8
What is the tens digit of 5591?
9
What is the units digit of 27363?
3
What is the tens digit of 2040?
4
What is the hundreds digit of 4499?
4
What is the hundreds digit of 784?
7
What is the tens digit of 112413?
1
What is the hundreds digit of 5681?
6
What is the tens digit of 2174?
7
What is the hundreds digit of 69950?
9
What is the units digit of 152804?
4
What is the tens digit of 6640?
4
What is the hundreds digit of 7529?
5
What is the hundred thousands digit of 100598?
1
What is the units digit of 2224?
4
What is the hundreds digit of 1717?
7
What is the units digit of 689?
9
What is the thousands digit of 7705?
7
What is the thousands digit of 2158?
2
What is the units digit of 21326?
6
What is the hundreds digit of 2552?
5
What is the tens digit of 259?
5
What is the hundreds digit of 173?
1
What is the tens digit of 2373?
7
What is the units digit of 3368?
8
What is the tens digit of 3844?
4
What is the hundreds digit of 56197?
1
What is the hundreds digit of 852?
8
What is the units digit of 85979?
9
What is the hundreds digit of 104?
1
What is the thousands digit of 9370?
9
What is the thousands digit of 4745?
4
What is the hundreds digit of 6855?
8
What is the hundred thousands digit of 145255?
1
What is the units digit of 108622?
2
What is the hundreds digit of 34699?
6
What is the hundreds digit of 1281?
2
What is the thousands digit of 150062?
0
What is the hundreds digit of 2968?
9
What is the tens digit of 166?
6
What is the units digit of 10737?
7
What is the tens digit of 8987?
8
What is the ten thousands digit of 113967?
1
What is the hundreds digit of 2133?
1
What is the units digit of 6214?
4
What is the ten thousands digit of 45301?
4
What is the thousands digit of 9759?
9
What is the tens digit of 5312?
1
What is the tens digit of 74?
7
What is the hundreds digit of 31615?
6
What is the thousands digit of 6092?
6
What is the hundreds digit of 126645?
6
What is the tens digit of 37923?
2
What is the units digit of 100089?
9
What i